 digit of k?
4
Suppose -2*w + z = -1147, -w - 10*z = -13*z - 561. Let v = w - 305. What is the tens digit of v?
7
Suppose -2*x = -8873 - 3769. What is the hundreds digit of x?
3
Suppose 2*z + a = 6*a - 6, -4*a + 16 = 4*z. Let d(h) = 6*h - 33 - 7*h + h**z - 2*h. What is the tens digit of d(14)?
2
Let t be ((-18)/54)/(2/(-24)) + 2291. Suppose 9*p + t = 18*p. What is the units digit of p?
5
Let x = 1913 - 1095. Let y = -664 + x. What is the hundreds digit of y?
1
Suppose -11*s = 25*s + 69*s - 5975760. What is the hundreds digit of s?
9
Let r(h) = -h**2 + h + 1. Let j(a) = -179*a**2 - 8*a - 5. Let o(z) = -j(z) - 6*r(z). What is the hundreds digit of o(1)?
1
Let a(h) = -315*h**2 - 17*h - 4. Let v(o) = -157*o**2 - 9*o - 2. Let d(f) = -3*a(f) + 5*v(f). What is the units digit of d(-1)?
6
What is the ten thousands digit of -2 + 18534 + (-60)/(-140)*14?
1
Suppose 4*p - 6*p = f - 10909, -4*f = 12. What is the hundreds digit of p?
4
Suppose -7*m - 20 = -2*m. Suppose -2*k - 19 = 5*n - 33, -21 = 3*k - 3*n. What is the hundreds digit of 758/4 + (k - 14/m)?
1
Suppose -43 = 4*k - 295. Let n be k - 3/(-3) - (4 - 5). Suppose 69*p - 412 = n*p. What is the tens digit of p?
0
What is the thousands digit of 2/(-4) - ((-2828884)/344 - (7 + 1))?
8
Suppose -5*x = 9*x - 128436. Suppose 110*z - 88*z - x = 0. What is the tens digit of z?
1
Let p(t) = -513*t + 8. Let d be p(-1). Let g = d + -516. What is the units digit of g?
5
Let i be 620/26 - (-8)/52. Let y(d) = d**2 - 12*d + 14. What is the tens digit of y(i)?
0
Let l = -126 - -114. What is the tens digit of l + 10 - (-149)/1?
4
Let y be (-5950)/(-20) - 3/6 - -3. Suppose 5*g = -5*c - y + 2355, -2*c = g - 817. What is the hundreds digit of c?
4
Suppose 3*h = -3 - 9. Let d be -159 + (-10)/h*2. What is the units digit of 28/d + (-598)/(-22)?
7
Suppose 621 = -4*q - 43. Let w = 520 + q. What is the tens digit of w?
5
Suppose 4*w = 5*d + 3141, d - 1567 = -6*w + 4*w. Suppose 4*x - w = -2*b - 12, b + x - 391 = 0. What is the units digit of b?
6
Let s = -26 + 6. Let c be (-5)/(s/16) + -1. Suppose c = 3*l - 9. What is the units digit of l?
4
Suppose 150 + 26 = 16*q. Suppose -13*m - 910 = -20*m. Let b = m + q. What is the units digit of b?
1
Let l(a) = -8 - 61*a - 67*a + 118*a. Let p be l(-2). What is the tens digit of (-4)/(-1 - p/(-16)*1)?
1
Suppose 2*z + 8*z = -180. Let c be (-34)/(-6) + 12/z. Suppose 0 = -k + c*k - 384. What is the units digit of k?
6
Let s = 423 - 147. Suppose 2*p + s = 4*p. What is the units digit of p?
8
Suppose 3*d - 74100 = -4*q, -13668 - 85110 = -4*d + 2*q. What is the tens digit of d?
9
Let t = 11653 - 1041. What is the units digit of t?
2
Suppose 4*b = 2*f + 648, 0 - 8 = 2*f. What is the tens digit of b/(-40) - (0 - 404)?
0
Suppose -3*c - 52*f = -50*f - 143407, -8 = 2*f. What is the thousands digit of c?
7
Suppose -16 = -3*b + 5*z, -3*b + 3*z + 0*z + 12 = 0. What is the units digit of (1 - b)/((-1)/478*1)?
8
Let u = -173 + 175. Suppose u*k + 745 = 5*z, 0 - 10 = 2*k. What is the tens digit of z?
4
Let q = -1490 - -837. Let n = q + 1597. What is the hundreds digit of n?
9
Let h be -2 - (-6 + -4 + 5). Suppose 0*g - 120 = -2*j - h*g, -5*j = -5*g - 350. What is the tens digit of j?
6
Let r be ((-95)/57)/(1/(-3)). Suppose -4*y + 1923 = 5*w, -4*w - 15 = r. What is the hundreds digit of y/3 + (-2)/6?
1
Let m(g) = 811*g + 1450. What is the thousands digit of m(28)?
4
Let v(h) = -h + 25. Let g = 41 + -31. Let b be v(g). Suppose -b*p + 6*p + 333 = 0. What is the tens digit of p?
3
Let q(h) = 26*h + 75. Suppose 0 = 9*a - 4*a - 50. What is the tens digit of q(a)?
3
Let o(c) = 59*c + 1222. What is the thousands digit of o(32)?
3
Let d(l) = 4*l**2 + 384*l + 52. What is the hundreds digit of d(32)?
4
Suppose -x = 2*k - 1986, -x + 4*k = 497 - 2525. What is the tens digit of x?
0
Let g = -25496 - -47285. What is the ten thousands digit of g?
2
Let k(i) = -14*i**3 - 7*i - 5. Let l be k(-5). Suppose 1135 + l = 11*y. What is the hundreds digit of y?
2
Suppose 6*v - 7*v + d + 40 = 0, 0 = -2*d + 10. Suppose 1176 = 48*w - v*w. What is the units digit of w?
2
Suppose z + 4*q + 102 = 2*z, 4*q - 306 = -3*z. Let l = -64 - -132. Let h = l + z. What is the tens digit of h?
7
Suppose 0*c + m = -5*c - 315, -252 = 4*c - 5*m. Let w = c - -63. Suppose 7*u = -w*u + 1323. What is the tens digit of u?
8
Suppose 1761067 + 3170591 - 1460025 = 99*h. What is the ten thousands digit of h?
3
Suppose -29*d = -28*d + 26*d - 513810. What is the thousands digit of d?
9
Suppose 3*m + 139 = -116. Suppose v + 113 + 21 = 0. Let b = m - v. What is the units digit of b?
9
Suppose -2*k + g = -5*k + 3, 3*k + 5*g + 9 = 0. What is the tens digit of (3 - -161) + -4 + k?
6
Let k(t) = t**3 - 6*t**2 + 4*t + 7. Let u be k(5). Suppose -6*m + 12 = -3*m - u*l, -3*m + 21 = -5*l. What is the tens digit of ((-120)/(-70))/(m/42)?
3
Let t = 1131 + -450. Let u be t/15 + 4/(-10). Let q = -15 + u. What is the tens digit of q?
3
Let b = -148 - -154. Suppose b*k = -0*k + 1494. What is the tens digit of k?
4
Let r(q) = 2*q**2 + 13*q - 28. Let v(p) = -3*p**2 - 27*p + 55. Let l(u) = 5*r(u) + 3*v(u). Let s be l(16). What is the tens digit of 370*(5/s)/(6/15)?
8
Let h(m) = -m - 2. Let k be h(-6). Suppose -15*u = -k*u - 14267. What is the thousands digit of u?
1
Let x(d) = -4*d**3 - 5*d**2 + 4*d + 2. Let c = -43 - -45. Let m(w) = 13*w**3 + 15*w**2 - 12*w - 6. Let q(t) = c*m(t) + 7*x(t). What is the tens digit of q(-4)?
3
Suppose 62 = -3*q - 2*k, -2*k - 14 = 4*q + 66. What is the tens digit of 336/((66/q - -2) + 2)?
0
Suppose -64*n - 12421 + 424261 = 0. What is the tens digit of n?
3
Let o = 305 - 305. Suppose 0 = -16*q - o*q + 48. What is the units digit of q?
3
Suppose -6*g + 8*g - 208 = 0. Let j = g - -806. What is the units digit of j?
0
Let c = -44 - -45. Let m be (-13 + c/1)/(3/2). Let v(h) = -6*h - 14. What is the tens digit of v(m)?
3
Let d be (14/(-5) - (-3)/(-15))/(-1). Suppose -3*z + d*u + 3 = 2*u, 5*z = -3*u - 9. Suppose z = 5*k + 62 - 477. What is the units digit of k?
3
Suppose -3*y - 6708 = 5*k - 22673, -10 = 5*k. What is the tens digit of y?
2
Let h = 58 + -56. Suppose 2*m - 2*x = 116, -x + 4*x + 111 = h*m. Let r = m + -35. What is the tens digit of r?
2
Suppose 5*v = 4*t - 329 - 45, t + 2*v = 100. Suppose t + 52 = 4*f. Let h = f + -32. What is the units digit of h?
5
What is the tens digit of ((-3045)/(-5))/((26/(-533))/((-12)/9))?
4
Let c(k) = 17*k**2 + 2*k + 3. Let j be c(-5). Suppose 5*g = y + 786 - 108, -5*y = 3*g - j. Suppose g*d = 140*d - 24. What is the units digit of d?
6
Suppose 3*n - 17026 = -o + 16067, 4*o - 132260 = 2*n. What is the thousands digit of o?
3
Suppose -4*m - 4*a + 114988 - 35808 = 0, 0 = -3*m + 9*a + 59409. What is the thousands digit of m?
9
Let y = 32581 - -14580. What is the ten thousands digit of y?
4
Let q(g) = -11*g - 30. Let j(t) = -9*t - 29. Let w(h) = 5*j(h) - 6*q(h). What is the units digit of w(15)?
0
Let u = -578 + 875. Suppose -u*i = -304*i + 21. What is the units digit of i?
3
Let o(g) = 4*g**3 - 10*g**2 + 22*g - 359. What is the hundreds digit of o(15)?
2
Let k(q) = 4*q - 20. Let z = 24 - 3. Let d = z + -9. What is the tens digit of k(d)?
2
Let p = 10 + -5. Let j(n) = -10*n - 6. Let h be j(p). Let q = h + 78. What is the tens digit of q?
2
Suppose 45*w = 20*w + 7325. Suppose 14 = -3*l + w. What is the tens digit of l?
9
Let g = 1580 + 124. What is the tens digit of g?
0
Suppose 3*l + 0*n + 2 = 4*n, 0 = -4*l - 3*n + 39. Suppose l*i - i + 3*r - 1357 = 0, 803 = 3*i - r. What is the tens digit of i?
6
Let g(t) = -3*t**3 - 12*t**2 - 12*t - 12. Let x be g(-8). Let n = x - -408. What is the tens digit of n/27 - (-2)/(-3)?
4
Suppose -14180 = -2*y + 5*b, 2*y - 4*b - 6888 = 7294. What is the hundreds digit of y?
0
Let m(k) = 73*k**3 - 5*k**2 + 3*k + 8. Let t be m(2). Let v = -221 + t. What is the units digit of v?
7
Let j(g) = -g**3 - 12*g**2 + 61*g + 16. Let u be j(-15). Suppose 96 = -h - 3*h. What is the units digit of u/h*(-6)/(-4)?
4
Let r(f) = 5*f**2 + 21*f - 10. Let k be r(-26). What is the tens digit of k*(-8)/(-80) + (-4)/10?
8
Suppose 0 = 9*y - 89 + 44. Suppose 4*c + y*c = 4932. What is the units digit of c?
8
Let q(p) = 64*p**2 + 177*p - 60. What is the ten thousands digit of q(-25)?
3
What is the tens digit of (11 - 10 